oes 1421 divide 4098164?
True
Is 2 a factor of 179878?
True
Is 779 a factor of 1176290?
True
Does 5 divide 52360?
True
Is 8327 a multiple of 11?
True
Is 6 a factor of 69324?
True
Does 70 divide 469605?
False
Is 48 a factor of 58320?
True
Is 4361523 a multiple of 28?
False
Is 128 a factor of 2162816?
True
Does 423 divide 32140263?
False
Is 354066 a multiple of 10?
False
Is 753608 a multiple of 28?
False
Does 3 divide 553281?
True
Does 9 divide 102653?
False
Does 35 divide 3525540?
False
Does 22 divide 6859710?
True
Is 18127 a multiple of 229?
False
Is 254269 a multiple of 259?
False
Does 57 divide 293436?
True
Is 405078 a multiple of 181?
True
Is 181612 a multiple of 8?
False
Is 58 a factor of 817742?
True
Is 296352 a multiple of 343?
True
Does 98 divide 31850?
True
Is 22003956 a multiple of 108?
False
Does 532 divide 5101348?
True
Is 13 a factor of 236444?
True
Is 158 a factor of 857940?
True
Does 4 divide 2274092?
True
Does 115 divide 21679340?
True
Is 551717 a multiple of 6?
False
Does 132 divide 269676?
True
Is 436 a factor of 847148?
True
Is 3 a factor of 976012?
False
Does 72 divide 226944?
True
Does 14 divide 136360?
True
Is 456 a factor of 412680?
True
Does 76 divide 1201398?
False
Is 886953 a multiple of 123?
True
Is 56105 a multiple of 2?
False
Does 16 divide 5468112?
True
Is 153 a factor of 224816?
False
Does 37 divide 4235957?
False
Is 15239698 a multiple of 853?
True
Does 565 divide 9924225?
True
Is 1653776 a multiple of 41?
True
Does 151 divide 1011700?
True
Is 123215 a multiple of 48?
False
Is 16 a factor of 84718?
False
Is 290820 a multiple of 20?
True
Is 844043 a multiple of 27?
False
Is 94531 a multiple of 33?
False
Is 119 a factor of 696018?
False
Is 9 a factor of 704972?
False
Is 454464 a multiple of 252?
False
Is 24741 even?
False
Is 123 a factor of 1728027?
True
Does 31 divide 287029?
True
Is 111 a factor of 550535?
False
Is 280 a factor of 110998?
False
Is 93991 a multiple of 49?
False
Is 2 a factor of 3099513?
False
Does 192 divide 80422?
False
Does 15 divide 176330?
False
Is 230076 a multiple of 44?
True
Is 1647018 a multiple of 9?
True
Is 62 a factor of 33914?
True
Is 61 a factor of 769271?
True
Is 1690924 a multiple of 76?
True
Is 314 a factor of 66647?
False
Is 611 a factor of 2138871?
False
Does 215 divide 586090?
True
Does 41 divide 108814?
True
Is 145458 a multiple of 13?
False
Is 182 a factor of 4074581?
False
Does 94 divide 155237?
False
Is 571 a factor of 3145068?
True
Is 214 a factor of 826040?
True
Is 195150 a multiple of 493?
False
Does 376 divide 454574?
False
Is 839 a multiple of 36?
False
Is 2561554 a multiple of 1264?
False
Does 92 divide 2283808?
True
Does 677 divide 13661183?
True
Is 2150546 a multiple of 46?
True
Is 2080009 a multiple of 193?
False
Is 1744770 a multiple of 570?
True
Does 110 divide 2099450?
False
Is 1943174 a multiple of 58?
True
Does 504 divide 4531774?
False
Is 81 a factor of 537668?
False
Is 283 a factor of 48194?
False
Is 5452351 a multiple of 14?
False
Is 2397235 a multiple of 25?
False
Does 4 divide 63535?
False
Is 16 a factor of 2785885?
False
Is 8679206 a multiple of 648?
False
Is 10 a factor of 470930?
True
Is 341 a factor of 320911?
False
Is 8 a factor of 5224712?
True
Does 724 divide 14818832?
True
Is 88 a factor of 120937?
False
Does 151 divide 432679?
False
Does 19 divide 1421010?
True
Is 928841 a multiple of 323?
False
Is 98122 a multiple of 26?
False
Is 9 a factor of 30529?
False
Is 1428807 a multiple of 25?
False
Is 11653698 a multiple of 1845?
False
Is 709712 a multiple of 106?
False
Does 85 divide 93925?
True
Is 63516 a multiple of 3?
True
Is 12496 a multiple of 88?
True
Is 53430 even?
True
Does 117 divide 26180?
False
Does 3 divide 81860?
False
Is 510 a factor of 122400?
True
Is 774268 a multiple of 442?
False
Is 18 a factor of 75384?
True
Is 9 a factor of 358072?
False
Does 2021 divide 28607255?
True
Is 7068 a multiple of 4?
True
Does 205 divide 955666?
False
Does 37 divide 261213?
False
Does 6 divide 201828?
True
Is 106 a factor of 129132?
False
Does 46 divide 3012310?
True
Is 721 a factor of 32004?
False
Does 444 divide 2966555?
False
Is 23 a factor of 544456?
True
Is 741829 a multiple of 187?
True
Does 13 divide 2753?
False
Is 25 a factor of 699376?
False
Is 17 a factor of 51599?
False
Is 5532856 a multiple of 28?
True
Does 99 divide 60223?
False
Is 2086200 a multiple of 75?
True
Is 11517856 a multiple of 548?
False
Is 195 a factor of 825188?
False
Is 269 a factor of 183113?
False
Does 11 divide 1635931?
True
Does 342 divide 1799611?
False
Is 2497152 a multiple of 12?
True
Does 24 divide 207360?
True
Does 513 divide 5798952?
True
Is 70 a factor of 11464460?
True
Is 332 a factor of 1231057?
False
Does 411 divide 308661?
True
Is 230 a factor of 820425?
False
Is 10 a factor of 207170?
True
Is 23 a factor of 105984?
True
Is 140 a factor of 217134?
False
Does 8 divide 104008?
True
Is 242865 a multiple of 4?
False
Does 499 divide 476545?
True
Is 7710347 a multiple of 142?
False
Is 336 a factor of 145803?
False
Is 300020 a multiple of 28?
True
Does 227 divide 65167?
False
Does 225 divide 249?
False
Is 693 a factor of 2347758?
False
Is 24 a factor of 320871?
False
Does 999 divide 3706367?
False
Does 126 divide 222888?
False
Is 805004 a multiple of 73?
False
Does 43 divide 528255?
True
Is 158 a factor of 145946?
False
Does 30 divide 3559913?
False
Is 436121 a multiple of 68?
False
Is 780605 a multiple of 433?
False
Is 315068 a multiple of 18?
False
Is 156 a factor of 1716468?
True
Does 370 divide 1294630?
True
Is 12 a factor of 803967?
False
Does 24 divide 84583?
False
Is 38 a factor of 223098?
True
Does 12 divide 748008?
True
Is 459141 a multiple of 613?
False
Is 18533442 a multiple of 612?
False
Is 29269 a multiple of 6?
False
Is 59087 a multiple of 150?
False
Does 16 divide 52608?
True
Does 5 divide 2767940?
True
Is 884 a factor of 281930?
False
Is 206643 a multiple of 19?
False
Is 10 a factor of 801153?
False
Is 84 a factor of 165564?
True
Does 1117 divide 709483?
False
Does 433 divide 289570?
False
Is 128541 a multiple of 216?
False
Is 615950 a multiple of 194?
True
Does 26 divide 363157?
False
Is 16 a factor of 309920?
True
Is 76 a factor of 96824?
True
Does 266 divide 232619?
False
Is 164 a factor of 85116?
True
Is 19 a factor of 24130?
True
Is 22 a factor of 85976?
True
Is 80240 a multiple of 10?
True
Is 3259872 a multiple of 216?
True
Is 11 a factor of 580206?
True
Does 11 divide 3025?
True
Does 16 divide 16205536?
True
Is 5906691 a multiple of 7?
True
Is 5886485 a multiple of 1045?
True
Does 4 divide 217766?
False
Does 358 divide 9970?
False
Does 22 divide 4257569?
False
Is 225584 a multiple of 205?
False
Does 166 divide 516451?
False
Is 77 a factor of 11744703?
False
Is 3077331 a multiple of 261?
False
Does 12 divide 18254305?
False
Is 21 a factor of 3622?
False
Is 7600796 a multiple of 353?
True
Is 10 a factor of 12094140?
True
Is 4521018 a multiple of 10?
False
Is 188 a factor of 133845?
False
Is 141 a factor of 522969?
True
Does 146 divide 709219?
False
Is 1893152 a multiple of 77?
False
Does 17 divide 310592?
False
Is 18382421 a multiple of 36?
False
Is 15 a factor of 34737?
False
Is 75462 a multiple of 127?
False
Is 10 a factor of 1526930?
True
Is 10539289 a multiple of 233?
True
Is 9 a factor of 881343?
True
Is 9 a factor of 800778?
False
Is 12 a factor of 67752?
True
Is 1373123 a multiple of 6?
False
Does 13 divide 16360868?
False
Is 83 a factor of 1154728?
False
Does 22 divide 552613?
False
Is 43 a factor of 112319?
False
Does 13 divide 6148597?
True
Is 90570 a multiple of 25?
False
Is 1228014 a multiple of 3?
True
Is 27 a factor of 30698892?
True
Does 3 divide 800889?
True
Is 177 a factor of 931856?
False
Is 88000 a multiple of 398?
False
Is 767256 a multiple of 28?
True
Does 48 divide 7408197?
False
Does 100 divide 409100?
True
Is 54 a factor of 1037126?
False
Does 59 divide 97434?
False
Is 5484228 a multiple of 121?
False
Does 4 divide 393922?
False
Is 21787 a multiple of 253?
False
Is 12 a factor of 2414679?
False
Does 247 divide 445192?
False
Is 1140179 a multiple of 75?
False
Is 702 a factor of 6514560?
True
Does 20 divide 161114?
False
Is 14 a factor of 686448?
True
Is 892985 a multiple of 10?
False
Is 2086799 a multiple of 117?
False
Is 16